n 80938241 is divided by 138.
137
What is the remainder when 2158056 is divided by 42313?
93
What is the remainder when 135916190 is divided by 7350?
7340
What is the remainder when 20831721 is divided by 2975938?
155
What is the remainder when 1313887 is divided by 118?
75
What is the remainder when 1862844 is divided by 77618?
12
What is the remainder when 995805 is divided by 364?
265
Calculate the remainder when 1245344 is divided by 103.
74
What is the remainder when 193108 is divided by 48275?
8
What is the remainder when 320928 is divided by 320522?
406
What is the remainder when 227665 is divided by 75736?
457
What is the remainder when 16988 is divided by 13015?
3973
What is the remainder when 1362909 is divided by 116?
25
Calculate the remainder when 216517 is divided by 344.
141
What is the remainder when 95576 is divided by 4146?
218
Calculate the remainder when 3593430 is divided by 76.
74
What is the remainder when 77748 is divided by 15210?
1698
What is the remainder when 2890276 is divided by 135?
61
What is the remainder when 23867148 is divided by 164601?
3
Calculate the remainder when 33150 is divided by 32615.
535
What is the remainder when 15988 is divided by 5056?
820
Calculate the remainder when 12941207 is divided by 30.
17
What is the remainder when 176553 is divided by 58445?
1218
What is the remainder when 11260255 is divided by 154250?
5
Calculate the remainder when 886844 is divided by 862.
708
What is the remainder when 341731693 is divided by 28477641?
1
Calculate the remainder when 55966918 is divided by 2168.
2166
What is the remainder when 14658995 is divided by 673?
382
Calculate the remainder when 7034399 is divided by 4885.
4884
Calculate the remainder when 172803 is divided by 4217.
4123
Calculate the remainder when 682176 is divided by 119.
68
Calculate the remainder when 37697974 is divided by 25.
24
Calculate the remainder when 656482 is divided by 5317.
2491
What is the remainder when 414167 is divided by 413462?
705
Calculate the remainder when 8546683 is divided by 37.
16
Calculate the remainder when 87853730 is divided by 4409.
4405
What is the remainder when 147610496 is divided by 89?
80
Calculate the remainder when 1434947 is divided by 21.
17
What is the remainder when 6881588 is divided by 2442?
32
What is the remainder when 561320 is divided by 113?
49
Calculate the remainder when 2357505 is divided by 1275.
30
Calculate the remainder when 772234 is divided by 370.
44
Calculate the remainder when 243349 is divided by 2412.
2149
What is the remainder when 2988613 is divided by 142314?
19
Calculate the remainder when 3588233 is divided by 2810.
2673
Calculate the remainder when 3439321 is divided by 25.
21
What is the remainder when 1054374 is divided by 10230?
684
What is the remainder when 2252128 is divided by 40?
8
Calculate the remainder when 978839 is divided by 37645.
69
What is the remainder when 442870 is divided by 303?
187
What is the remainder when 76476331 is divided by 816?
811
What is the remainder when 21279951 is divided by 464?
447
Calculate the remainder when 1897371 is divided by 4098.
4095
Calculate the remainder when 4203455 is divided by 794.
19
What is the remainder when 2147889 is divided by 2376?
2361
Calculate the remainder when 195088 is divided by 14984.
296
What is the remainder when 23318947 is divided by 2379?
2368
What is the remainder when 27282172 is divided by 6820543?
0
Calculate the remainder when 1024672 is divided by 2272.
0
Calculate the remainder when 1162992 is divided by 1162987.
5
Calculate the remainder when 92376 is divided by 70.
46
What is the remainder when 8164862 is divided by 327?
326
What is the remainder when 1065424 is divided by 1355?
394
Calculate the remainder when 264890 is divided by 365.
265
What is the remainder when 23430244 is divided by 26?
6
What is the remainder when 400735 is divided by 142?
11
Calculate the remainder when 306977 is divided by 152334.
2309
Calculate the remainder when 928495 is divided by 2653.
2598
Calculate the remainder when 3006770 is divided by 3116.
2946
What is the remainder when 69056 is divided by 141?
107
What is the remainder when 940562 is divided by 1781?
194
What is the remainder when 248205434 is divided by 272?
266
Calculate the remainder when 872357 is divided by 57682.
7127
Calculate the remainder when 2729490 is divided by 5437.
116
Calculate the remainder when 25356 is divided by 905.
16
What is the remainder when 1526963 is divided by 753?
632
What is the remainder when 274306486 is divided by 1053?
1039
Calculate the remainder when 324225 is divided by 108043.
96
What is the remainder when 15486971 is divided by 551?
14
Calculate the remainder when 1832749 is divided by 13380.
13069
What is the remainder when 996032 is divided by 21192?
8
Calculate the remainder when 75639482 is divided by 389.
377
What is the remainder when 32347 is divided by 1722?
1351
What is the remainder when 245483 is divided by 1741?
2
What is the remainder when 44773127 is divided by 443?
3
What is the remainder when 27458849 is divided by 4312?
33
What is the remainder when 10192124 is divided by 570?
524
What is the remainder when 2370699 is divided by 1136?
1003
What is the remainder when 200952 is divided by 13957?
5554
Calculate the remainder when 37793368 is divided by 9448338.
16
Calculate the remainder when 210498328 is divided by 141.
133
What is the remainder when 12957163 is divided by 343?
338
Calculate the remainder when 410256 is divided by 135484.
3804
What is the remainder when 569839366 is divided by 10?
6
Calculate the remainder when 8251 is divided by 136.
91
What is the remainder when 92514445 is divided by 2372165?
10
Calculate the remainder when 2793162 is divided by 11883.
657
What is the remainder when 62093 is divided by 1479?
1454
What is the remainder when 2178633 is divided by 725?
8
Calculate the remainder when 21268739 is divided by 745.
479
Calculate the remainder when 9798150 is divided by 728.
726
Calculate the remainder when 11149000 is divided by 5337.
7
Calculate the remainder when 136827 is divided by 5966.
5575
What is the remainder when 231421546 is divided by 25?
21
Calculate the remainder when 7602088 is divided by 127.
122
What is the remainder when 34806031 is divided by 296?
279
Calculate the remainder when 6044205 is divided by 430.
125
Calculate the remainder when 14878526 is divided by 3719628.
14
Calculate the remainder when 3386727 is divided by 49804.
55
What is the remainder when 1588703 is divided by 1919?
1690
What is the remainder when 189201284 is divided by 551?
6
What is the remainder when 476154125 is divided by 469?
468
What is the remainder when 2105037 is divided by 1163?
7
What is the remainder when 1334984 is divided by 7216?
24
What is the remainder when 263323 is divided by 1798?
815
What is the remainder when 407480 is divided by 58196?
108
Calculate the remainder when 4330901 is divided by 19866.
113
What is the remainder when 141654 is divided by 42?
30
Calculate the remainder when 1408435 is divided by 190.
155
Calculate the remainder when 426385223 is divided by 532.
523
Calculate the remainder when 38671 is divided by 12736.
463
What is the remainder when 90668 is divided by 12908?
312
Calculate the remainder when 4024338 is divided by 111.
33
Calculate the remainder when 19655 is divided by 3242.
203
Calculate the remainder when 2472011 is divided by 2291.
22
What is the remainder when 263311300 is divided by 48?
4
Calculate the remainder when 1177265 is divided by 294313.
13
What is the remainder when 417297958 is divided by 270?
268
What is the remainder when 5071569 is divided by 76?
13
What is the remainder when 474346 is divided by 2928?
10
Calculate the remainder when 5189745 is divided by 48.
33
Calculate the remainder when 764805 is divided by 38229.
225
Calculate the remainder when 796403 is divided by 76.
75
Calculate the remainder when 90817 is divided by 2328.
25
What is the remainder when 31727 is divided by 881?
11
What is the remainder when 30426 is divided by 104?
58
Calculate the remainder when 8210381 is divided by 746389.
102
What is the remainder when 94347 is divided by 255?
252
What is the remainder when 1584473 is d